/2). Let p be 228/14 - 8/28. Suppose x = -2*u - 2*u - p, -3*u = c - 31. Does 18 divide c?
False
Let x be (-8 + (-112)/(-12))/((-4)/30). Let d(l) = l**2 - 3*l - 4. Let z be d(3). Does 9 divide 574/35 - z/x?
False
Let a be 1 - 8/12*9/(-2). Suppose 15*s - a*s = 143. Is s a multiple of 4?
False
Suppose 2*q + 3*l + 36 = 0, 0*q + 18 = -q + 2*l. Is 80/3 - 6/q a multiple of 27?
True
Let b = 1290 + -548. Is b a multiple of 9?
False
Let s(c) = -c**3 - 6*c**2 - 4*c + 180. Does 12 divide s(-12)?
True
Let f be (-3)/(-7) + (-1366)/(-14). Suppose -6*y - 14 = -f. Is 3 a factor of y?
False
Suppose 0 = 2*n - 8 + 2. Suppose -3*p + 250 = -5*u, 474 - 12 = 5*p + n*u. Is 10 a factor of p?
True
Let h be (2 - 34)/((-4)/(-16)). Let y be 1/(4*(-2)/h). Is 7 a factor of y*2 + 0 + 1?
False
Let u(m) = 2482*m - 38. Is 52 a factor of u(1)?
True
Let r be 4/(-6)*315/(-6). Let m = -6 + r. Is m a multiple of 11?
False
Let m(l) = -5*l**2 + 4*l - 1. Let g be m(2). Let s = 79 + g. Is s a multiple of 33?
True
Let p(h) = -3*h**2 + 15*h**2 + 38*h**2 - 2*h - 2. Let y = -75 + 74. Is p(y) a multiple of 25?
True
Let l(w) = 7*w**3 - 2*w**2 + 4*w - 22. Does 5 divide l(3)?
False
Let t be (6/4)/((-6)/(12*-1)). Suppose -t*i = 5*p - i - 421, -p = -i - 87. Is p a multiple of 15?
False
Suppose -n - 2*n - 3 = 0. Let h be -1*(-2 + n) + 0. Let b(u) = 4*u**2 - 3*u + 3. Is 7 a factor of b(h)?
False
Let a(i) = -32*i + 3. Let m be a(1). Let v = 61 - 11. Let q = v + m. Is q a multiple of 21?
True
Let s(b) = -901*b**3 + 2*b**2 - 3. Does 36 divide s(-1)?
True
Is 4 a factor of (-1 - -266) + 2 + -10 + 7?
True
Let p(r) be the first derivative of -3*r**2/2 + 16*r - 3. Let z be p(11). Let l = z + 65. Is 13 a factor of l?
False
Let n = 325 - 208. Is n a multiple of 17?
False
Let f be (21/35)/(2/10). Suppose f*a + 2*g - 34 = 226, 4 = g. Is a a multiple of 12?
True
Let b = 2308 + -1350. Is b a multiple of 53?
False
Suppose 2*j = -34 + 452. Is j/5 + 6/30 a multiple of 7?
True
Let k(c) = -8*c - 3. Let t(a) = a**2 + 4*a + 1. Let x be (-1)/(2 + 15/(-9)). Let i be t(x). Is k(i) a multiple of 4?
False
Let w(c) = -c**3 - 6*c**2 + 8*c - 8. Suppose 2*u - 4*p + 10 = -24, u - 13 = -4*p. Let m be w(u). Let y = -7 - m. Is 8 a factor of y?
True
Let v = 218 + -34. Is 23 a factor of v?
True
Let l(q) be the third derivative of 13*q**4/24 + q**3/3 + 9*q**2. Let w be l(-1). Let k = 61 - w. Does 18 divide k?
True
Suppose a + q = -a + 1, -3*q = 5*a. Is 9 a factor of 430/18 + 3 - a/(-27)?
True
Let a = 4323 + -1463. Is 19 a factor of a?
False
Let x(i) = -30*i - 1. Let z be x(2). Let k = z - -150. Is 22 a factor of k?
False
Let v = -1085 + 1899. Let u = v - 564. Is u a multiple of 50?
True
Suppose 0 = 3*b - 18 + 9. Suppose 10 = b*t - t. Suppose -u = t*u - 282. Does 11 divide u?
False
Let t = 1376 - 626. Does 25 divide t?
True
Suppose -u = -4*x + 403 + 1505, 0 = x + 5*u - 456. Does 18 divide x?
False
Let x(q) = -q**3 - 7*q**2 + 7*q - 4. Let n be x(-8). Suppose -190 = -n*m + 170. Let w = -26 + m. Is 19 a factor of w?
False
Does 53 divide 809*35/(-10)*(-12)/21?
False
Let t be 42/4*112/24. Suppose 0 = -3*a + 2 + t. Is 6 a factor of a?
False
Let g(v) = 2*v + 2. Let z be g(3). Let j(w) = w**3 - 8*w**2 + 8*w - 7. Does 18 divide j(z)?
False
Let s(l) = l**3 - 13*l**2 + 25*l - 45. Is s(13) a multiple of 7?
True
Is (16/(-4) - -3)/1 - -357 a multiple of 4?
True
Suppose 0 = 7*s - 135 - 33. Is s a multiple of 4?
True
Does 9 divide (-2 - 1)*(7 - 2 - 212)?
True
Let m(i) = 2*i**3 - 3*i**2 + 2*i. Suppose 0 = 5*o + 2 - 7. Let n be (4/(-14))/(o/(-7)). Is 8 a factor of m(n)?
True
Suppose -65*d + 58*d = -623. Does 5 divide d?
False
Is 291/6 - 3/6 a multiple of 41?
False
Let f be 0 - 3/(9/(-6)). Suppose 190 = -0*g + f*g. Is 19 a factor of g?
True
Suppose 5*d = -3*c + 23, 0 = 6*c - c + 20. Let j(b) = -b**3 + 9*b**2 + 9*b + 10. Is j(d) a multiple of 32?
False
Suppose 4*a + 4*u - 580 = 420, 0 = 5*a - 5*u - 1210. Is 41 a factor of a?
True
Let f be (-290)/(-14) - (-22)/77. Suppose 109 = 2*v + f. Is v a multiple of 11?
True
Let l(y) = y**3 - y**2 - y + 3. Let q be l(0). Let p(r) = 9*r - 21. Does 3 divide p(q)?
True
Suppose 0 = -2*g + 3*g - 38. Suppose g = 2*u - 106. Does 12 divide u?
True
Suppose 0 = 9*o + 832 + 221. Let i = 93 - o. Does 15 divide i?
True
Suppose -3*l - l + 12 = 0. Suppose 0 = -l*h + 28 + 20. Suppose -20 - h = -4*c. Is c a multiple of 5?
False
Let g(s) = -17*s - 31. Let d be g(4). Let x = 214 + d. Does 7 divide x?
False
Suppose 8 + 4 = 3*n. Suppose 0 = 2*d - n - 4. Suppose 20 = 4*f, d*o + 3*f - 75 = 88. Is o a multiple of 7?
False
Let u = 379 + -202. Is 23 a factor of u?
False
Let w = 33 + -31. Is 13 a factor of 2 + -2 + (119 - (-1 + w))?
False
Let p(y) = 255*y - 2. Let x be p(-2). Let r be (-24)/(-36) + x/(-6). Suppose -o + 2*o - r = 0. Does 29 divide o?
False
Let h(y) = 2*y**3 - 6*y - 2. Is h(10) a multiple of 17?
True
Suppose 5*o + 2*y + 225 = 0, -o + 161 = -4*o + 4*y. Is 13 a factor of (-4 - (-4 + -1))/((-1)/o)?
False
Does 4 divide ((-2)/1 - 1 - 2) + 497?
True
Let f(y) = -10*y**3 + y**2 - y. Let q be f(2). Let s = -54 - q. Let g = 64 - s. Is 8 a factor of g?
True
Let n = 11 - 7. Let r(h) = h**3 - h**2 + 3*h - 3. Let p be r(4). Suppose -2*d = -3*z + 3*d + p, 0 = 3*z + n*d - 57. Does 10 divide z?
False
Suppose -w - 3028 = -6*w - 3*s, 3*w - s = 1814. Is w a multiple of 11?
True
Suppose -3*r = -2*n - 2, -r - 16 = -4*n - 0*r. Suppose n*s - s = 144. Is s a multiple of 9?
True
Suppose -3*y = -4*w + 335 + 2794, 2331 = 3*w + 3*y. Is w a multiple of 12?
True
Suppose 1729 = -57*r + 64*r. Is 2 a factor of r?
False
Suppose 3*r - t = 2053, -t = -2*r - 457 + 1825. Does 60 divide r?
False
Suppose 4 = -4*j, 0 = 5*p - 4*j + 12 - 41. Let a(c) = -31*c**2 + 28*c**2 - p*c + c**3 + 5 - 2*c. Is 13 a factor of a(5)?
False
Let c(g) = -g**2 + 6*g - 3. Suppose v + 2 = 7. Let h be c(v). Is (-90)/4*h/(-3) a multiple of 5?
True
Suppose -9*g + 874 = -5*g - 2*q, 4*q - 223 = -g. Let l = g - 75. Is 15 a factor of l?
False
Suppose -q = 5*a, 2 = -a - 2. Does 14 divide q?
False
Let d be 22/(-33)*(-18)/(-4). Let k be ((-9)/(-3))/(-3)*d. Does 3 divide 3/(-1) + k - -9?
True
Is 13 a factor of (40/24)/((-3)/(-1395))?
False
Suppose -b = 8*c - 4*c + 16, 3*b - 3*c - 27 = 0. Suppose l = -b*l + 585. Is l a multiple of 39?
True
Suppose -2*l = -f - 46, 15*l - f = 20*l - 122. Is 12 a factor of l?
True
Suppose 0 = 3*m - 8*m + 990. Is 9 a factor of m?
True
Let a(g) = g**3 + 5*g**2 - 7*g - 6. Let y be a(-6). Suppose y = -3*u - 86 - 79. Let z = u - -103. Is 12 a factor of z?
True
Let s(k) = 4*k**2 + 5*k - 4. Let r be s(1). Suppose -472 = -3*b + 2*a - a, -r*b + 794 = 2*a. Is 13 a factor of b?
False
Let k be 39936/36 + 4/6. Suppose -1962 = -12*v + k. Does 32 divide v?
True
Let f(c) = -2*c - 9. Let i be f(-6). Suppose 0 = 4*n - 3*p - 534, 2*n - i*p - 187 - 83 = 0. Suppose 6*h = 2*h + n. Is 11 a factor of h?
True
Let u be (193*(-2)/8)/(3/(-12)). Let l = -58 + u. Does 45 divide l?
True
Suppose -2*n = -7*n + 10. Let m(u) = -9*u + 9*u + 3 - n - u. Does 4 divide m(-5)?
False
Let l(w) be the second derivative of w**7/168 - w**6/120 + w**5/120 - 11*w**3/6 - 4*w. Let p(b) be the second derivative of l(b). Is p(2) a multiple of 13?
False
Is 44 a factor of 12 - 8 - (-1 + 4)*-41?
False
Let w = 652 + -569. Is 48 a factor of w?
False
Let t be (-26)/(-91) + (-3071)/(-7). Suppose -4*r = -193 - t. Let b = r - 108. Does 15 divide b?
False
Let l(p) = p - 6. Let g = 8 + 0. Let i be l(g). Suppose -w - 64 = -i*w. Is 20 a factor of w?
False
Let g(m) be the second derivative of -5*m**3/6 + 13*m**2/2 - m. Let q be g(-6). Let d = 77 - q. Does 15 divide d?
False
Suppose 4*k = 7*k - 96. Is 18 a factor of 1/(-4) - (-872)/k?
False
Suppose -a - 3626 = -4*t, -5*a + 4*a = 3*t - 2716. Is 12 a factor of t?
False
Let q(b) = -65*b + 4. Let o be q(-5). Suppose 4*j - g = -412, -3*j + 2*g - o = -15. Let i = -60 - j. Is 21 a factor of i?
True
Let o(d) = -d**3 - 5*d**2 + d - 12. Is 17 a factor of o(-6)?
False
Let a(d) = -154*d - 10. Let j be a(1). Does 17 divide (-30)/4*j/5?
False
Let b be (-2 - -4)/(8/12) + 0. Suppose 0 = 4*n + b*x - 156, n + 3*n + x = 164. Is 6 a factor of n?
True
Suppose -d - 2*y - 12 = -5*d, -5*d = 5*y + 15. Suppose 3*s + d = -8. Let i = 10 - s. Is i a multiple of 13?
True
Let t(x) = -13*x**2 - 7*x - 5. Let g(y) = 6*y